 - 3168 - w = 0. Calculate the greatest common divisor of g and 46.
23
Let u(l) = -l**3 + 4*l**2 + 5*l + 4. Let s be u(4). What is the highest common divisor of s and 10992?
24
Let t be (-3 + (-15086)/18 + (-24)/108)*-3. What is the greatest common factor of t and 4?
4
Let u(p) = p**3 + p**2 - 14*p - 10. Let k be (58/(-145))/((-1)/10). Let q be u(k). What is the greatest common divisor of q and 1162?
14
Suppose k - 2*k + 216 = 0. Suppose 133*r = 137*r + 5*m - 303, 9*r - 4*m - 636 = 0. Calculate the greatest common factor of r and k.
72
Suppose -446 = -4*j - 110. Suppose -5*g - 2*g = -j. Calculate the greatest common divisor of g and 132.
12
Let j(d) = d**3 - 3*d**2 - 4*d + 6. Let t be j(4). Let f be -2 + 2/4*0/16. Let y = t + f. What is the highest common divisor of y and 64?
4
Let b = -458 - -508. Suppose 54*d - 88 = b*d. Calculate the greatest common factor of d and 990.
22
Let x be -14*(-515)/(-10) + -8. Let t = -648 - x. Calculate the highest common divisor of t and 3.
3
Suppose -15*x + 5917 = -14285 - 39318. What is the highest common divisor of x and 31?
31
Let l be 10/(-35) + (-16)/(-7). Let z(i) = 94*i + 2. Let n be z(l). Let b be (-12)/(-9)*24 + ((-98)/14 - -13). Calculate the highest common factor of b and n.
38
Let d be 5/(35/7) - (0 - 1). Let f be -8 + (d/(-4))/(8/(-32)). Let v be -37*f/6 + 3 + 0. Calculate the greatest common divisor of 100 and v.
20
Let t be -3 + -3 + 0 + -27. Let w = t + 40. Let l = 38 - 10. Calculate the highest common factor of w and l.
7
Suppose -5*z - 47 = -t, 3*t = -0*z - 4*z + 46. What is the highest common factor of 7678 and t?
22
Suppose -12*d + 1596 + 12168 = 0. Suppose -18*i = -55*i + d. What is the highest common factor of i and 496?
31
Let p be -4 - 628/(-2) - 2. Let b(u) = -11*u + 0*u**2 - 4*u - u**2 + 1 + 3*u**2. Let v be b(9). What is the highest common divisor of p and v?
28
Suppose -10*y - 31*y - 6213 = -19538. Calculate the greatest common factor of y and 403.
13
Suppose -4*p - 11*p - 120 = 0. Let z be 81 - p - (1*-2 + -1). Calculate the greatest common divisor of z and 46.
46
Let c(u) = 271*u**2 + 76*u + 81. Let k be c(9). What is the highest common divisor of k and 36?
36
Suppose -v - v + 90 = 0. Let h be ((-91)/(-2) - 2) + (-18)/(-36). Suppose 2*a + 3*r = -0*a + 42, 4*r = 4*a - h. Calculate the greatest common factor of a and v.
15
Let t = 229 + 56. Suppose 3*x + t = -0*m + 4*m, -5*m + 355 = -4*x. Suppose -11*r = -6*r - m. What is the greatest common factor of r and 105?
15
Let i = -64 + 67. Let s(a) = 5*a + i - 8 + 13*a**2 + 1. Let v be s(3). Calculate the highest common divisor of 16 and v.
16
Suppose -195*s = -100*s - 97*s + 71258. Calculate the greatest common divisor of 79 and s.
79
Let y be (-399534)/(-221) + 1 - (-6)/39. What is the highest common factor of y and 9?
9
Suppose 2*r = -2*r + 640. Let a(o) = -o**2 - 4*o + 330. Let u be a(-20). What is the greatest common divisor of u and r?
10
Let m(p) = p**3 - 5*p**2 + 6*p - 6. Let t be m(4). Suppose -6*d = -d + 25. Let f be (d/(-2))/(t/(56/2)). What is the highest common divisor of f and 14?
7
Suppose -2*l + 2*n = -10, 2*n = 8 - 4. Suppose -10*b + l*b + 42 = 0. Calculate the greatest common divisor of 63 and b.
7
Suppose -5*o - 31 = -2*p, -o = -2*p - 2*o + 49. Suppose 26*c - 297 = p*c. What is the greatest common factor of 9 and c?
9
Suppose 430*a = -123*a + 64701. Let p be 30*3/(-9)*2. Let s = -7 - p. What is the greatest common divisor of a and s?
13
Suppose -l = g - 187, -2*g + 556 = 14*l - 11*l. Suppose -w - 5*j + 41 = 0, -3*j = -7*w + 11*w - 113. Calculate the highest common divisor of l and w.
26
Let u be (-6)/4*(-2)/(-3). Let r be u + 1 - (3 + -115). Let l be 33/1 + 910 + -915. Calculate the greatest common divisor of l and r.
28
Let u be 311 + ((-6)/2 - 2). Let a(i) = -i**3 + 23*i**2 + 82*i - 92. Let l be a(26). What is the highest common factor of u and l?
6
Suppose 19*s + 464 = 17*s. Let f = s - -255. What is the greatest common divisor of f and 598?
23
Suppose -55*g + 304 = -42*g + 63*g. What is the highest common divisor of g and 4184?
4
Let m be (33267/(-26))/((-9)/24). What is the greatest common divisor of 4 and m?
4
Let b be (-2)/(-5 + 78/18). Suppose 663 = b*m + 531. What is the greatest common factor of 242 and m?
22
Suppose -2*d - 4*p = -0*p - 300, -5*p + 603 = 4*d. Let j = -992 - -1000. What is the greatest common factor of d and j?
8
Suppose 1014*l - 1138*l = -11182 - 14114. Calculate the highest common divisor of 732 and l.
12
Let a be 18/27*6/4. Let t be 10/4 + a + (-1)/2. Suppose -180 = -t*s - 3*s. Calculate the highest common factor of s and 6.
6
Suppose 2*z - 3843 = -5*t, 4*t - 2*z = 492 + 2568. Calculate the highest common factor of t and 65.
13
Let v(k) = k**3 + 17*k**2 + 52*k + 14. Let q be v(-13). Let s be (-6 - 0) + 6 + 4. Calculate the greatest common factor of q and s.
2
Suppose 4*w + 1 + 33 = 2*x, 0 = -x + 4*w + 19. Let c be 35/3 + (-10)/x. Let f = 28 - c. Calculate the highest common factor of 51 and f.
17
Suppose -57*h - 16828 = -4181 - 148193. What is the greatest common factor of h and 174?
58
Let p be (-96)/(-14)*(-1750)/(-375). Calculate the greatest common factor of 2592 and p.
32
Suppose 3*z + 2*o - 10 = 0, 2*z - 4*o = 3*z - 10. Let d be 8/6*21/z. Suppose -43400 = -474*m - 146*m. Calculate the greatest common divisor of d and m.
14
Let h = 5454 - 5339. Calculate the highest common factor of h and 110.
5
Let g be (-435)/(-58) - (-15)/10. Calculate the highest common divisor of 1119 and g.
3
Let n = -1 - -9. Let t = 314 - 547. Let l = -201 - t. Calculate the greatest common divisor of n and l.
8
Suppose 12*d = 37183 - 23455. Calculate the greatest common divisor of 1352 and d.
104
Let d be (-12)/(-15)*20/8. Suppose 3*z + 3*x = -d*z - 1240, -z - 226 = 5*x. Let u = -89 - z. What is the greatest common factor of u and 18?
18
Let y = 5 + 0. Let b be 4/3*4437/102. Suppose 4*i + u = 181, b = i + 3*u + 10. Calculate the highest common divisor of i and y.
5
Let d be 4/(-5)*(-35)/2. Let h = -1294950 + 1295027. What is the highest common factor of d and h?
7
Let o(z) = -z**3 - 6*z**2 - 20*z - 18. Let k = 298 - 306. Let d be o(k). What is the highest common factor of d and 30?
30
Let h be 0 + 18*(5 + 30/20). Calculate the greatest common divisor of h and 22815.
117
Let c be -2 + 60/35 + 10012/7. Suppose v - 14*v + c = 0. Let w be 1/2*2 - (1 - 22). What is the greatest common divisor of w and v?
22
Let h be 5/(2/66*3). Suppose -3*v + 134 = -2*a, 3 = -4*a - 1. Let i be 2/4*(v - 0). What is the greatest common factor of h and i?
11
Let o(u) be the third derivative of u**4/4 - 15*u**3/2 - 819*u**2. Let l = -1 - -18. Let k be o(l). Calculate the greatest common factor of 19 and k.
19
Suppose -123*t = -97*t - 702. Suppose 11*z - 10*z - 36 = 0. Calculate the greatest common factor of t and z.
9
Let z(a) = 170*a - 4. Let b be z(1). Suppose 4*x - 214 = -5*u, 3*u = -3*x + b - 37. What is the greatest common divisor of 28 and u?
14
Let z(j) = -3*j**2 + 202*j - 285. Let i be z(62). What is the highest common divisor of 21 and i?
7
Let p be 227043/297 + (-6)/(-11). What is the highest common factor of 459 and p?
153
Suppose 0 = -42*r + 1598 + 460. What is the greatest common divisor of 7 and r?
7
Suppose 6*u = -6*u + 3336. Suppose m = -3*c + u, 5*m = -42*c + 45*c - 248. Calculate the highest common divisor of c and 13.
13
Suppose -258*n = -245*n - 390. What is the greatest common factor of n and 265?
5
Suppose -2*d + 2127 = 2109. Let l(c) = 2*c**2 + c - 1. Let y be l(-3). Let p be 486/(-9)*y/(-6). What is the highest common divisor of p and d?
9
Suppose 0 = 63661*x - 63671*x + 1530. What is the highest common divisor of 7446 and x?
51
Let h be (-7 - (-10)/1)*10. What is the highest common divisor of 570 and h?
30
Suppose 5*p - 333 = 3*p + 535. What is the greatest common divisor of 126 and p?
14
Let x be (5 - (-228)/(-42))/(2/(-14)). Suppose x*u - 47 = -29. What is the greatest common divisor of 15 and u?
3
Suppose 0 = 10*q - 589 - 461. Suppose 2*o = 0, 4*w + q = -4*o + 537. What is the highest common divisor of w and 48?
12
Let i = -11016 - -11400. Calculate the greatest common factor of i and 33.
3
Suppose 5*r - 27*j = -30*j + 8631, -2*j = 3*r - 5180. Calculate the greatest common divisor of r and 6.
6
Let u be (5